rime number?
False
Is 1783387 prime?
True
Is 63573949 composite?
False
Is 2969998 a composite number?
True
Is 41632769 prime?
True
Is 32369227 a prime number?
False
Is 380488061 prime?
True
Is 101942503 a prime number?
False
Is 2257231 a composite number?
True
Is 296391783 a prime number?
False
Is 55518329 prime?
True
Is 58256189 prime?
False
Is 3595051 a prime number?
True
Is 11140323 a prime number?
False
Is 2944289 a prime number?
True
Is 1045615101 a composite number?
True
Is 901127 a prime number?
False
Is 74886599 composite?
False
Is 135753523 composite?
False
Is 35549191 a prime number?
False
Is 112867307 a prime number?
False
Is 320068591 composite?
True
Is 40085651 composite?
False
Is 238689371 a prime number?
True
Is 2592979 a prime number?
False
Is 161831 a prime number?
True
Is 4453331 prime?
True
Is 71073631 composite?
False
Is 5186449 prime?
False
Is 41768983 a prime number?
False
Is 11098151 a composite number?
True
Is 51832101 composite?
True
Is 282230569 prime?
True
Is 11216587 a prime number?
False
Is 4903733 a composite number?
False
Is 17470709 composite?
True
Is 58349833 composite?
False
Is 24160282 prime?
False
Is 5797943 prime?
True
Is 358685681 composite?
True
Is 349849867 a prime number?
False
Is 6570739 a prime number?
False
Is 78125979 composite?
True
Is 13514549 a composite number?
False
Is 30402397 composite?
False
Is 29432233 a prime number?
True
Is 228751 a composite number?
False
Is 5335361 prime?
True
Is 21354477 composite?
True
Is 9689027 a prime number?
False
Is 655781 prime?
False
Is 169859 prime?
True
Is 4985041 a prime number?
True
Is 325763803 a prime number?
False
Is 501491033 a composite number?
False
Is 224617879 prime?
False
Is 12374405 a prime number?
False
Is 1176277 composite?
False
Is 3401443 a composite number?
False
Is 30082621 prime?
False
Is 331003 prime?
False
Is 26767999 composite?
True
Is 9691681 composite?
True
Is 143291047 a prime number?
False
Is 9194359 composite?
False
Is 116870069 prime?
True
Is 5454733 a prime number?
False
Is 398262367 prime?
False
Is 10208837 composite?
False
Is 10947749 composite?
False
Is 501349367 a composite number?
False
Is 11464883 prime?
False
Is 34975871 prime?
False
Is 14135831 a composite number?
True
Is 2084783 a prime number?
True
Is 6057847 prime?
False
Is 5848417 composite?
True
Is 8178691 composite?
False
Is 2171159 prime?
True
Is 54971011 composite?
True
Is 250633 prime?
False
Is 1087309 prime?
True
Is 5530123 a prime number?
True
Is 21028219 a composite number?
True
Is 3628747 a composite number?
False
Is 173504033 composite?
True
Is 7672739 a composite number?
False
Is 82074131 a composite number?
True
Is 105040111 composite?
True
Is 212737165 a prime number?
False
Is 11515333 a composite number?
False
Is 135878231 a composite number?
False
Is 157656995 a prime number?
False
Is 2656469 a composite number?
True
Is 884573 a composite number?
False
Is 2065249 composite?
True
Is 2002061 a composite number?
False
Is 42771809 a composite number?
True
Is 203037 composite?
True
Is 27297937 composite?
True
Is 12694207 prime?
True
Is 47712779 a composite number?
False
Is 3504001 a prime number?
True
Is 1480069 composite?
True
Is 96455587 a prime number?
False
Is 10171019 a composite number?
False
Is 55950529 a prime number?
True
Is 171937613 composite?
False
Is 11782639 a composite number?
True
Is 89184937 a prime number?
True
Is 8626349 prime?
True
Is 126724033 a prime number?
False
Is 725177 a prime number?
False
Is 164459279 prime?
True
Is 3615809 prime?
False
Is 176435381 composite?
False
Is 2557103 a prime number?
False
Is 1125363469 a composite number?
True
Is 13426509 prime?
False
Is 45172783 prime?
True
Is 1743143 composite?
False
Is 106256221 prime?
False
Is 2762803 composite?
False
Is 5965873 prime?
True
Is 6572677 composite?
False
Is 274232783 prime?
False
Is 215384461 prime?
True
Is 313729945 a prime number?
False
Is 696283 composite?
True
Is 20911 composite?
True
Is 1132123 prime?
True
Is 4769111 prime?
True
Is 2597693 prime?
False
Is 30902993 a prime number?
False
Is 2399963 a prime number?
False
Is 1610707 prime?
False
Is 598519061 a composite number?
True
Is 474188287 prime?
True
Is 249281 a composite number?
True
Is 217559 a prime number?
True
Is 6470951 a prime number?
True
Is 569603647 prime?
True
Is 1157969 composite?
False
Is 7462111 a prime number?
True
Is 455201 a composite number?
False
Is 3179881 a composite number?
True
Is 70013521 composite?
False
Is 24677051 prime?
False
Is 11526679 prime?
True
Is 32636185 a prime number?
False
Is 51242 composite?
True
Is 4673989 prime?
True
Is 1408339 composite?
False
Is 3870719 a composite number?
False
Is 1788727 prime?
True
Is 440447 a composite number?
True
Is 43037609 prime?
False
Is 636499 composite?
False
Is 426605431 composite?
True
Is 128930651 prime?
False
Is 1280611 a composite number?
True
Is 3044149 composite?
True
Is 35979707 a prime number?
True
Is 574795579 a composite number?
False
Is 6449413 a composite number?
False
Is 28490807 prime?
True
Is 50949791 composite?
False
Is 40316795 a composite number?
True
Is 187072937 prime?
True
Is 14388599 composite?
True
Is 700901 a prime number?
False
Is 57251827 a composite number?
False
Is 28639267 composite?
False
Is 176085647 composite?
False
Is 24935479 a composite number?
False
Is 3509711 prime?
True
Is 2544733 composite?
False
Is 945521 a prime number?
True
Is 4451179 composite?
False
Is 83512991 a prime number?
True
Is 3103546 composite?
True
Is 18536147 prime?
False
Is 144872947 a prime number?
True
Is 1256083 a composite number?
True
Is 6334291 a composite number?
False
Is 38821927 prime?
True
Is 787243 a composite number?
False
Is 31846847 composite?
False
Is 4237579 a prime number?
False
Is 270527 prime?
True
Is 88941131 a composite number?
False
Is 2386679 a composite number?
False
Is 3201067 composite?
False
Is 255235243 prime?
False
Is 62770117 a prime number?
True
Is 36345821 a prime number?
False
Is 35355513 a prime number?
False
Is 50520857 composite?
True
Is 20464913 a prime number?
False
Is 230627999 composite?
True
Is 199879027 composite?
True
Is 26180159 composite?
True
Is 8382083 prime?
True
Is 154204166 composite?
True
Is 303595 a prime number?
False
Is 91534363 a composite number?
False
Is 140190499 a prime number?
True
Is 36280661 prime?
True
Is 1691611 prime?
True
Is 4204237 a prime number?
True
Is 305163037 a composite number?
True
Is 167471 prime?
True
Is 9645059 a composite number?
True
Is 28768507 a composite number?
False
Is 125997023 prime?
False
Is 9599537 a prime number?
True
Is 3218053 prime?
False
Is 109609 a prime number?
True
Is 283669 a composite number?
False
Is 234153529 a composite number?
True
Is 33235793 composite?
True
Is 2406029 a composite number?
False
Is 250713667 prime?
False
Is 1458593 a composite number?
False
Is 234857629 a composite number?
False
Is 71435659 a prime number?
True
Is 6805069 a prime number?
True
Is 1642903 prime?
True
Is 212518883 prime?
True
Is 802807777 a prime number?
True
Is 22307459 prime?
True
Is 7090673 a composite number?
False
Is 1527389 prime?
True
Is 65555447 a composite number?
True
Is 117326273 composite?
True
Is 71813487 a composite number?
True
Is 30525451 composite?
True
Is 613060897 prime?
False
Is 25591931 composite?
False
Is 155563613 a composite number?
False
Is 28370221 composite?
True
Is 24975107 a prime number?
True
Is 39591943 composite?
True
Is 307038499 prime?
False
Is 670129 composite?
False
Is 318621781 prime?
True
Is 225053 composite?
True
Is 18196391 a composite number?
False
Is 288583 a prime number?
True
Is 396744121 composite?
False
Is 25956289 prime?
True
Is 491550859 prime?
False
Is 287837611 prime?
True
Is 40491469 a prime number?
True
Is 7592279 composite?
False
Is 31465241 composite?
True
Is 273868969 composite?
True
Is 5560913 a composite number?
True
Is 4233343 prime?
False
Is 1550027 composite?
False
Is 2104381 prime?
True
Is 47644541 a composite number?
True
Is 28464617 a composite number?
False
Is 47962919 composite?
True
Is 8424161 prime?
False
Is 11876231 prime?
True
Is 13488257 a composite number?
True
Is 1150753 composite?
True
Is 46138831 a composite number?
True
Is 1515986 a composite number?
True
Is 933617 prime?
Fals